 2)*3. Suppose -2*y = s - 25, 3*y + y - 35 = k*s. What are the prime factors of y?
11
Suppose -2 = 2*q + 2. Let p = q - -3. What are the prime factors of -3 - -12 - (p + 0)?
2
Let m be 3 + (3 - (7 + -1)). Suppose m = -6*x + 2*x + 60. What are the prime factors of x?
3, 5
Let w(l) = 25*l - 7. What are the prime factors of w(3)?
2, 17
Let v(f) = -f - 3. Let p be v(-6). Let i be 0*(1/p)/(-1). Suppose 5*r - z = -i*z + 34, -5*r + 40 = 5*z. What are the prime factors of r?
7
Let x(w) = -6*w**2 - 13*w + 9. Let m(o) = -o**2 - o + 1. Let f(p) = -5*m(p) + x(p). Let g be f(-8). Let t = 9 + g. What are the prime factors of t?
13
Suppose -6 = -w + 3*o, -w + 5*o = -5 - 7. What are the prime factors of 2 + (17 - (-6)/w)?
17
Let c be (-10)/35 + 2538/14. Suppose v + 71 = -c. What are the prime factors of (-3)/(-15) + v/(-15)?
17
Let v(n) be the second derivative of -n**5/20 - 2*n**4/3 + 9*n**2/2 + n. What are the prime factors of v(-8)?
3
Suppose 0 = -4*p + 6*x - x + 1376, 2*x = 3*p - 1032. What are the prime factors of p?
2, 43
Let o = 4 + 60. Let y = o - 24. Suppose 0 = -6*h + 2*h + y. What are the prime factors of h?
2, 5
Suppose 60 = -2*f + 5*f. Let j = f - -27. List the prime factors of j.
47
Suppose 16*y - 120 = 14*y. What are the prime factors of y?
2, 3, 5
Let g(q) = -q**3 + q**2 + q. Let d be g(0). Suppose d = -0*i - 4*i - 8. List the prime factors of ((-1)/i)/(1/16).
2
Let c = 86 - 77. What are the prime factors of c?
3
Suppose 0 = 3*r + 15, 4*r = -q - 6 - 9. Suppose 2*o - 57 = q*k, 0 = -o + 6*o + k - 75. What are the prime factors of o?
2
Suppose 2*a - 181 = 101. Suppose 2*o - l - a = -54, -2*l + 134 = 3*o. List the prime factors of o.
2, 11
Let c = 8 - -21. List the prime factors of c.
29
Let g = 5 - -25. Suppose 4*w = 5*q - g, 6*q + 5*w - 75 = q. List the prime factors of q.
2, 5
Suppose 3*r + 3*x - 30 = 0, -r + x - 1 = -11. Suppose 3*p = p + r. List the prime factors of (-23)/(-2) + p/10.
2, 3
Suppose 0 = -29*f + 30*f - 77. What are the prime factors of f?
7, 11
List the prime factors of (392/12)/((-2)/(-3)).
7
Suppose -4*l + 14 = -2*h, 5*l - 53 - 2 = -5*h. Let y(b) = 4*b. List the prime factors of y(l).
2, 3
Let q(i) = i**2 + 8*i + 8. Let k(p) = 3*p**2 + 2*p - 1. Let o be k(1). Suppose 5*l + 34 = 2*s, -4*s - 8 - o = 0. What are the prime factors of q(l)?
2
Let s(c) = -4*c. Let a be (-60)/14 - (-2)/7. Let d be s(a). Suppose -3*j = -4*j + d. List the prime factors of j.
2
Let y(z) = z**2 + 5*z - 5. Let o(c) = -2*c**2 - 6*c + 6. Let m(t) = -3*o(t) - 4*y(t). List the prime factors of m(2).
2, 3
Let h(i) = -7 + 2*i + i + 6 - 2. Let a(k) = -k. Let g be a(-5). List the prime factors of h(g).
2, 3
Let s be 2/3*30/4. Let l be 0/(-2 + s) + 2. Let d = l - 0. List the prime factors of d.
2
Let u = 15 - -5. What are the prime factors of 8/u + (-28)/(-5)?
2, 3
What are the prime factors of (-1118)/(-9) + (1 - 11/9)?
2, 31
Let d = -6 - -9. Suppose -3 - 11 = g + 5*h, d*h + 15 = 0. What are the prime factors of g?
11
Let d = 293 - 103. List the prime factors of d.
2, 5, 19
Let m be -21*6/(-9) + -1. Let j = m - 7. Let q(u) = -u**2 + 6*u + 7. What are the prime factors of q(j)?
7
Let f(g) = 7*g + 1. Let y(k) = 4*k + 1. Let l(j) = -6*f(j) + 10*y(j). Let h be l(4). Let p = 14 + h. List the prime factors of p.
2, 5
Let m(u) = -u**3 - u**2 + 2*u + 3. Let y be m(-2). Suppose -b + 4 = -4. Suppose -y*l + 5*c + 4 + 2 = 0, 4*l + c = b. List the prime factors of l.
2
Let y(t) = -t**3 + 5*t**2 + 6*t - 3. Let f be y(6). Suppose j = -3*a - 4*j + 2, -4*a - 4*j = 0. Let h = a - f. What are the prime factors of h?
2
Let s(j) = 2*j + 6. Let i be s(-6). List the prime factors of (7*6)/(i/(-4)).
2, 7
Let c be 1/(1 - (-12)/(-13)). Let i(f) be the second derivative of f**5/20 - f**4 - 13*f**3/6 + 9*f**2/2 - f. What are the prime factors of i(c)?
3
Let r(o) = o**2 - o. Let k be r(3). Suppose -2*v = -4*v - k. What are the prime factors of ((-6)/5)/(v/10)?
2
Suppose -3*f + 0*k + 2*k + 16 = 0, -5*f + k = -22. Suppose 0 = -x - f*x + 60. List the prime factors of x.
2, 3
Let v = -7 + 13. Let f = v - 4. What are the prime factors of f?
2
Let r be (3/9)/(1/(-9)) - -4. Let m be 3/((-1*1)/(-1)). List the prime factors of (-81)/(-9)*r/m.
3
Suppose -4*y - 3*d = -100, -4*d - d = 3*y - 75. Suppose -5*s - 2*p + 100 = 3*p, -4*p - y = -s. Let g = 29 - s. List the prime factors of g.
2
Suppose -a = -4*a. Suppose a = 2*m + 5*w - 101, 3*m - w - 106 - 88 = 0. Suppose -5*r = 5*n - 75, 0*r = -5*n - 2*r + m. What are the prime factors of n?
11
Suppose 8*g = 4*g + 108. List the prime factors of g.
3
List the prime factors of 2/9 - (-664)/9.
2, 37
Let h = -176 - -312. List the prime factors of h.
2, 17
Suppose -11 + 3 = 4*x. Let z be 0 - (x - -3)*-3. Suppose 2*m - z*m + 7 = 0. What are the prime factors of m?
7
Let b(y) be the third derivative of y**5/30 + y**4/8 - 2*y**3/3 - 5*y**2. List the prime factors of b(-3).
5
Suppose -3*o + 8*o + 255 = 0. Let g = o + 91. What are the prime factors of g?
2, 5
Suppose -b = -0 - 29. Let a = 40 - b. List the prime factors of a.
11
Let i = 0 - 1. Let j = i + 6. Suppose -3*p + n + 28 = 0, -p + 2*p + 12 = -j*n. List the prime factors of p.
2
Suppose 5*y - 6 = 9. What are the prime factors of 2 - y*-5 - -2?
19
Suppose 3*p = 5*s + 5, s - 5*s = 2*p - 18. Let k(w) = w**s - 4*w + 7 - 3 + 2. What are the prime factors of k(5)?
11
Let x be (-325)/(-26) + (-2)/(-4). Let q = x + -9. What are the prime factors of q?
2
Suppose 5*q = -5*v - 19 + 289, -5*v + 254 = q. List the prime factors of v.
2, 5
Let c(s) be the third derivative of -1/60*s**5 + 0*s + 11/6*s**3 - 2*s**2 + 0*s**4 + 0. List the prime factors of c(0).
11
Suppose 0 = -4*k - 1 + 17. What are the prime factors of 2/k*14/1?
7
Suppose 0 = -5*j - 19 + 49. Suppose x - j - 5 = 0. What are the prime factors of x?
11
Let h be (32/10)/((-2)/(-10)). What are the prime factors of (-6)/4 - (-184)/h?
2, 5
Suppose -5*r + 118 = -3*r. Suppose 5*g = -2*s + r, 5*g = 5*s + 19 - 254. Suppose 0 = 2*h + 3*h + 3*x - s, 4*x + 40 = 4*h. What are the prime factors of h?
3
Let u(r) = -r**2 - 10*r - 4. Let m be u(-9). What are the prime factors of 64/m - (-6)/30?
13
Let a = -53 - -103. Suppose m + 4*m - a = 0. What are the prime factors of m?
2, 5
Let j = 2 - 2. Suppose j = 4*k + 2*g - 28, -2*g + 5 = -3. List the prime factors of k.
5
Suppose -q = -4 + 1. Suppose 0 = r - 5*j - 20, 0*r + 4*r - 3*j - 12 = 0. Suppose o = q - r. What are the prime factors of o?
3
Suppose -2*j = -18 + 2. Suppose 0 = -r + j + 2. What are the prime factors of r?
2, 5
Let q(a) = -a**3 - 19*a**2 - 22*a + 3. List the prime factors of q(-18).
3, 5
Let t(z) = 2*z**2 - 16*z - 12. Let n be t(14). Suppose 2*c = -2*c + n. What are the prime factors of c?
3, 13
List the prime factors of -5 - 6/(-3) - -37.
2, 17
Suppose -6*c = -c - d + 12, 6 = -3*c + d. Suppose -g = g + 10. Let k = c - g. List the prime factors of k.
2
Let u(m) = m. Let q be (4 + -5)*(-2)/(-1). Let i(l) = -6*l + 1. Let t(p) = q*u(p) - i(p). List the prime factors of t(2).
7
Suppose -w + 8 = -h, -7*h + 8 = -3*h. Suppose w = 2*i + 4. Suppose 2*g = 4*n - 10, -3*n + 0*n = 3*g - i. What are the prime factors of n?
2
Let u = 14 - -40. What are the prime factors of u?
2, 3
Suppose 0 = 2*k + 2*z - 454, 1128 = 5*k - 2*z - 0*z. What are the prime factors of k?
2, 113
List the prime factors of 12/(-18)*114/(-4).
19
Suppose 4*p - 15 = -p. Let q = 4 + p. List the prime factors of q.
7
What are the prime factors of (3/2)/((-18)/(-96))?
2
Let d = 3 + -3. Suppose 9 = 2*n - 3*x, 0 = 4*n - x - x - 22. Suppose -u + n = -d*u. What are the prime factors of u?
2, 3
Let w = 531 - 290. List the prime factors of w.
241
Let c(z) = -z**3 + 5*z**2. Let s be c(4). Let v = s + 12. Suppose 0 = -o - o + v. What are the prime factors of o?
2, 7
Suppose 12 = -4*y + 32. Suppose -83 = -y*x + 102. List the prime factors of x.
37
Suppose -f = -s - 2*f + 76, -132 = -2*s + 3*f. What are the prime factors of s?
2, 3
Suppose 2*m = 5*m - 6. What are the prime factors of 51 - (1 + (-1 - m))?
53
Suppose -3*g - 9 = -g + 5*a, -4*a + 3 = 5*g. What are the prime factors of 1/(g + 132/(-45))?
3, 5
Suppose 6*g - 29 = 55. List the prime factors of g.
2, 7
What are the prime factors of 11*2 + (10 - 10)?
2, 11
Suppose -2*k = 3*o - 15, 3*o - 8*o + 5*k = 0. List the p